 - (21 + -1) - 2 - -4?
-18
Calculate 13 + 0 + (-2 - -59) + -318 + 291.
43
What is the value of 1 + 126 - (21 + -2 + 10 + -176 + 145)?
129
What is the value of -43 + 0 + 173 - 58?
72
What is the value of -32 - (-8 + (-6 - -8) + (-9 - -1))?
-18
(10 - -27) + -1 - 77
-41
What is the value of -48 + -5 - (-532 + 573)?
-94
What is the value of 40 - (-9 - ((27 - 15) + -9))?
52
What is the value of -24 + 16 - (9 - -3 - (0 + -88 + -1))?
-109
What is the value of -4 + 31 - ((4 - 2) + 20 + -16)?
21
Evaluate (15 - 3 - 4) + (-139 - (-41 - -14)).
-104
What is 67 + -27 - (13 - 1 - 12)?
40
-14 - (19 + -4 + 16 + -12)
-33
Evaluate -5419 + 5484 + -47 + 1.
19
What is -300 + 272 + (29 - -5)?
6
What is the value of 33 + (-99 - -181 - (-3 - -32))?
86
Calculate (-16 - 30 - -52) + (9 - (-4 - -10)) + -33.
-24
Calculate (12 - (35 + -15) - (2 + -31)) + 3.
24
What is the value of (-110 - 19) + 43 - -30?
-56
What is 27 + 4 + 80 - 77?
34
What is -30 + 93 + -16 + 2 + (10 - (-9 - -14))?
54
Evaluate (-17 + 13 - (-14 - 7)) + -8 + 0 - 8.
1
Evaluate 4 + 8 - -23 - (-8 + 0 - (0 + 3)).
46
Calculate -20 + (-1 + 74 - (-224 + 243)).
34
Evaluate (-38 - -9) + 9 + 39.
19
What is -16 + (-13 + 12 + -12 - (0 + -10)) - 10?
-29
What is the value of (-9 - -23) + -27 + -13?
-26
What is (3 + -10 + -1 - (1 - 27)) + 8?
26
(3 - -3 - (-28 + 0 + 15 + 13)) + 54
60
Evaluate 191 + -239 + (7 - 0).
-41
What is 10 + (-48 - 42 - -33)?
-47
What is 39 + -101 + 110 + 22?
70
Evaluate -21 + 35 + -2 + -10 + -3 + -8 + 37.
28
109 + -122 - (2 + -64)
49
Evaluate -19 - (0 + -9 + -109 - (40 - 54)).
85
What is the value of -10 - (12 - (2 + 19) - -4)?
-5
Calculate (27 - -4 - ((-10 - -39) + -8)) + 94.
104
What is the value of (21 + -12 + -5 - 18) + (-8 - 14)?
-36
Evaluate 26 - (-49 + 66) - (0 + -62 + -6).
77
(5 - -6) + 3 + -2 + (14 - -10)
36
What is (-18 - 2) + (-124 + 129 - 75)?
-90
Calculate -29 - (-77 - (-25 - (5 + -13))).
31
What is 9 - 9 - 5 - (81 + (35 + -1 - 19))?
-101
Calculate (8 - 11 - -6 - (-2 + -1)) + 215 + -130.
91
Calculate (6 - (7 - 13)) + (-16 - -35 - 24).
7
(26 + -30 + 7 - 6) + -2 + 47
42
What is 0 + (2 - 4) - ((-7 - -55) + -29)?
-21
Evaluate 7 - (14 - (38 - 18 - 1)).
12
(-64 - -62) + -7 + 48 + -5 + -9
25
What is -73 + (-70 - 1 - -86)?
-58
Evaluate 14 + (-3 - -34) + -59 - -65.
51
5 - (-15 + 57 + -22) - 39
-54
Evaluate (74 - 62) + (10 - (1 + -8)).
29
What is -5 - -8 - (332 + -364)?
35
-32 + (13 - -46) + 1
28
What is (2 - -18 - 21 - (-2 + -8)) + 2 - -1?
12
Calculate 8 - (-87 + 47 - -147).
-99
Evaluate 1 - 96 - (-6520 - -6445).
-20
What is 24 + 3 - ((17 + -26 - -5) + -7)?
38
Evaluate -40 - (-1 - -1 - (-24 - (-27 - 0)) - -8).
-45
Evaluate 20 + 1 + -2 - (139 + (-251 - -150)).
-19
35 - (-30 + 67) - 32
-34
Evaluate -15 + ((8 - (4 + 9)) + 11 - -8).
-1
What is the value of 11 + -20 + -6 + (-5 - (5 - 0))?
-25
-11 + (32 - (13 + -1)) + 1 + -6
4
-1190 - -1211 - (0 - -37)
-16
8 + (52 - (33 + -4)) - 62
-31
What is the value of (5 - (-11 - -4)) + (9 - -1) - -6?
28
35 - (40 - -42 - 64)
17
Calculate -31 + 6 - (-63 - (5 + -11)).
32
30 - 1 - (25 + -28 + 34)
-2
Evaluate 23 - (133 + (6 - (-8 + 13 + 22))).
-89
What is 5 + -11 + -15 + (-15 - (-20 - 120))?
104
Calculate 29 - (35 - (-21 - -3)).
-24
What is the value of 13 + (17 - 23) - (-62 + 53)?
16
What is the value of 93 - (-69 - -80 - -4)?
78
What is 4 + -3 + 193 + -189?
5
Calculate (-112 - -33) + 111 - (2 + 0).
30
What is (-125 - -65) + (22 - -2) - -15?
-21
What is the value of 17 + 1 + (-13 - 0) + -53?
-48
What is -7 + (-47 + 36 - (-2 + 3 + 4))?
-23
-19 + (20 - 21) + 113 + 5 - 12
86
Evaluate (14 + 17 - (-33 + 92)) + (12 - 3).
-19
-33 + (-8 - (17 + (-14 - -6))) + -3
-53
What is the value of -18 - -1 - (11 + 22 - 56)?
6
What is the value of (14 - (0 + 2)) + (21 + -30 - 7)?
-4
(-31 - -26) + -17 + (0 - 26)
-48
What is -1 + -4 + 41 + -68 + 25 - 32?
-39
(-1 - (-14 - (-10 + 7))) + (-45 - -15)
-20
33 - 28 - (8 + -12 + 8 - (-32 - -9))
-22
Calculate 1 - 71 - (-1409 - -1387 - (3 - (1 + 22))).
-68
Evaluate 105 + -9 + -79 + (4 - 17).
4
Evaluate ((4 - 1) + -5 - (34 + 0)) + (-62 - -56).
-42
What is -52 + -46 + 91 - (7 - 0)?
-14
What is 17 + -11 + 1 - (-4 - (-7 + -5 + -3))?
-4
-38 + 27 + 2 - 46 - (-2 + 2)
-55
Calculate -13 - (4 + 11 - (16 - -4) - -13).
-21
What is the value of 158 - (-45 - -217) - (-2 + 82)?
-94
What is 202 - (-3 - -208 - 128)?
125
What is (17 + -4 - (23 - 6)) + 9 + -70?
-65
What is the value of 3 - (-7 + -8 - -1 - (-15 - -14 - -11))?
27
What is the value of 17 + (23 - (-14 - -27)) + -42?
-15
Evaluate 1 + 2 + 4 + -17 - ((0 - -5) + 4).
-19
What is the value of 10 + -14 + 3 + -41 + -15 + 12?
-45
Evaluate 6 + 5 + -15 + 238 + -232.
2
What is 4 + (-24 - -22) + (4 - 5) - -13?
14
What is the value of -13 - (6 + -2 + (-16 - (-2 + 10)))?
7
Evaluate -24 + 5 + 19 + (-6 - -5).
-1
What is the value of -8 + 1 + 24 + 121 + -114?
24
What is the value of -61 + (25 - (13 - -11)) - 0?
-60
Calculate (3 - 26) + 65 + -150 + 92.
-16
What is -84 + 46 - (4 - 1 - (31 - (13 + 6)))?
-29
Calculate (196 - 181) + (5 - (2 - -2)).
16
Evaluate -35 + -2 + 186 + -77 + -198.
-126
Evaluate -48 - -3 - -53 - (47 - ((3 - 1) + -3)).
-40
What is 1281 - 1238 - (38 + 0)?
5
What is the value of (41 - -54) + -66 + 27?
56
-12 + -50 + 23 + 16 - 17
-40
What is the value of -32 + 95 + 101 + -78?
86
What is the value of (-49 - -12) + 13 + 249 + -275?
-50
Evaluate 50 + -50 + 49 + -12.
37
What is the value of 1524 + -1516 - (-16 - -1)?
23
Calculate 11 - (-12 - (-4 + 12 - -1)).
32
-10 + 1 - (-68 + -14 - -72)
1
What is the value of 7 - (0 - 22 - (-50 + (9 - -35)))?
23
Calculate (0 - 49) + (23 - (4 + (18 - 13))) + -10.
-45
Evaluate 10 - (-35 + 12 + -5) - (-1 + (1 - 0)).
38
91 + (0 + -2 - 23) + (191 - 185)
72
(12 - 1 - (-110 + 128)) + -19
-26
What is the value of -15 + 67 + (17 - 26) + -13 + 5?
35
What is the value of -1 + 48 - (-83 - -49 - -47)?
34
What is the value of (71 - 55) + -2 + 2 + (-32 - -17)?
1
Calculate 35 - (-110 + 68) - (-1 - -13) - (-3 + 11).
57
Calculate -4 + -117 - (-910 + 836).
-47
Evaluate -194 + 154 - (-47 - -3).
4
0 + -12 + 5 + -8 + (5 - 18)
-28
Calculate 227 - (146 + -113 - -51).
143
Calculate 10 - (-20 - (-36 + -1 - -2)).
-5
What is the value of (23 - (-9 + 4)) + (0 + -8 - (55 - 63))?
28
0 + -2 - -8 - 1 - (9 - 12 - -41)
-33
Calculate -1 - 0 - (12 - 3) - (24 + -93 + 85).
-26
18 + 1 + -18 + -8 + 51
44
Evaluate -75 + -12 + (33 - -73).
19
What is 186 - 35 - (181 + -98)?
68
0 - (877 + -874 - (0 + -1 - 3)) - 44
-51
What is 5 - ((-9 - (-8 - -6)) + 1 + 47)?
-36
What is the value of -47 + (-44 - -104) - (64 - -3)?
-54
Evaluate -41 + 139 + -77 + -17 + (0 - 1).
3
Calculate 4 - -29 - (-19 - (0 - 13)).
39
What is ((4 - 0) + 22 - -6) + 50 + -46?
36
Calculate (50 - (-55 - -99)) + 70 + -7 + 11.
80
Calculate 27 + (-5 - -14) - (424 + -416).
28
What is the value of (-26 - -9 - -7) + (-6 - (-12 + 24 - 3))?
-25
What is 6 - (-7 + 14 - (-40 + (0 - (-7 - -15))))?
-49
What is the value of 27 - -1 - (-4045 - -4076)?
-3
Evaluate -12 + -22 - -13 - 26.
-47
What is (304 - 297) + -12 + -1 + -4?
-10
What is the value of 6 + -3 + -2 + (40 - 40) + -3 + 11?
9
Calculate -6 - 0 - (-69 - -62) - (48 - 5).
-42
0 - 8 - (-1187 - -1130)
49
Calculate -32 + 24 + -37 - (-4 + (1 - (1 + 6))).
-35
Evaluate 23 + (1 - 0) + (-720 - -653).
-43
Evaluate -4 + 12 - -26 - (158 + -111).
-13
-39384 + 39360 - (0 - (1 - -22))
-1
-40 - 1 - (1117 + -1193)
35
What is (-34 - -60) + -3 + 11 + 2?
36
Evaluate -187 + 118 + 19 + 45.
-5
Evaluate -782 + 776 - (-2 - ((0 - 5 - -8) + -14)).
-15
What is the value of (71 - 78) + (-7 - -5) - (3 - 4 - -1)?
-9
7 - (-85 - (-42 - 7))
43
What is the value of 11 + -2 + (28 - 20) - (-1 + 79)?
-61
Evaluate -14 + 25 + 19 + -30 + -51.
-51
What is (2 - 1) + (-137 - -151) + -57?
-42
What is the value of 22 - ((-129 - (-5 - -9 - 22)) + -1)?
134
Evaluate 10 - (-61 - (-16 - 137)).
-82
What is -46 - 1 - (17 + (-51 - -21) - (-3 + -14))?
-51
What is the value of -4 - (1 + -11 + -234 + 221 - (1 - 6))?
14
What is the value of -81 - ((-60 - 28) + 101)?
-94
Calculate 3 + -127 + 104 + -1 + 10 + -7 + 2.
-16
Evaluate -20 - (-58 + -41 + 85).
-6
What is the value of 70 + -67 - (0 - -1) - -14?
16
What is (6 - 14) + 21 + 15 + -44?
-16
(35 + -15 + 0 - 4) + -35
-19
Evaluate 89 + (-261 - -94) + 95.
17
Evaluate -6 + -2 - ((6 - 7) + 3 + -10 + -38).
38
Calculate -9 